6
Let j(h) = h**3 - h**2 - 3*h - 2. Let z be j(0). What is the remainder when ((-234)/(-36))/(((-1)/z)/1) is divided by 7?
6
Let z(h) = -h**3 - 5*h**2 - 2*h - 5. Let o be (2/6)/(4/(-60)). Let c be z(o). Suppose -26 = -c*k + 24. Calculate the remainder when 28 is divided by k.
8
Let z be 1/2 + (-2)/4. Let t = -4 - z. Let s = 12 - t. Calculate the remainder when 61 is divided by s.
13
Let t be ((-3)/(-6))/((-2)/40). What is the remainder when 75 is divided by -1*(194/t - (-6)/15)?
18
Calculate the remainder when ((-18)/(-27) + (-56)/(-6))*3 is divided by 6.
0
Let w(g) = 2*g - 6*g - 6 - 6. What is the remainder when 22 is divided by w(-4)?
2
Let j = 133 - 112. Calculate the remainder when 200 is divided by j.
11
Let y = -40 + 73. Suppose 3*p = 6*p - y. Let i(x) = 7*x - 41. What is the remainder when i(12) is divided by p?
10
Let i = 53 + -53. Suppose 3*l - 7 + 1 = i. Let g(n) = -n**3 + n - 2. Calculate the remainder when g(-2) is divided by l.
0
Suppose 3*b + v - 17 = 0, 4*b = 2*v - 2 + 8. Suppose -5*h + 185 = -3*s, 2*s + 148 = b*h - 3*s. Calculate the remainder when h is divided by 13.
11
Let g(y) = -y**3 - 14*y**2 - 11*y - 63. Calculate the remainder when 323 is divided by g(-14).
50
Suppose 41*b = 46*b - 25. Suppose 2548 = -b*h + 18*h. What is the remainder when h is divided by 33?
31
Let z(o) = -5*o**3 - 2*o**2 + 3*o - 2. Let u be z(2). Let w = 63 + u. Let i = -7 - -12. What is the remainder when w is divided by i?
4
Let o = -530 - -961. What is the remainder when o is divided by 15?
11
Let n = 0 + 2. Let v(k) = -3 - 2 + 0 - 4*k + 9*k. Calculate the remainder when v(2) is divided by n.
1
Suppose 125 = -3*x + 164. Calculate the remainder when 64 is divided by x.
12
Let c = -8 + 27. Calculate the remainder when (2 - 1)*(-884)/(-17) is divided by c.
14
Let y(f) = -f**2 - 23*f - 32. What is the remainder when 189 is divided by y(-21)?
9
Calculate the remainder when (-32)/4 + 127 + -1 is divided by 28.
6
Let m = 1271 + -492. What is the remainder when m is divided by 9?
5
Let o = 294 + -286. Calculate the remainder when 333 is divided by o.
5
Let j(q) = 67*q + 428. What is the remainder when 233 is divided by j(-6)?
25
Suppose 0 = 2*g - 3*g + 83. Let l = g + 13. What is the remainder when l is divided by 25?
21
Suppose 4 = n + h, 2*n + 6 = -5*h - 1. Let s(k) = -4*k + 2035 + 3*k - 2013. Calculate the remainder when s(n) is divided by 5.
3
Let g(q) = -5*q**2 + 24*q - 6. Calculate the remainder when 42 is divided by g(4).
2
Let q be (1/4)/(3/228). Suppose 4*h - 33 = -3*y, -8 = -4*h - y + q. What is the remainder when 7 is divided by 9/(-27) - (-14)/h?
1
Let p = 2167 + -1826. Calculate the remainder when p is divided by 35.
26
Suppose 13 = -4*g + 5*g. Let o = 125 - 74. Calculate the remainder when o is divided by g.
12
Let h = -325 - -333. Calculate the remainder when 22/(-1)*(-20)/8 is divided by h.
7
Suppose -g + 2 + 0 = 0. Suppose -5*f = -3*k - g*k, -4*f + 3*k + 4 = 0. Calculate the remainder when 10 is divided by f.
2
Let m(i) = 10*i - 74. Let x be m(6). Let z(t) = -2 - 16*t - 3*t**2 - 2 + 2*t**2. What is the remainder when 45 is divided by z(x)?
21
Let f(d) = -21*d**3 - d**2 + 2*d + 1. Calculate the remainder when f(-2) is divided by 45.
26
Let w = -15 - -21. What is the remainder when 387 is divided by w?
3
Calculate the remainder when (329/21)/(32/30 - 1) is divided by 17.
14
Let u = -166 + 167. Calculate the remainder when 38 is divided by 4 - -10 - -1*u/1.
8
Let u be (8 + -9)/(2/(-20)). Let r = 25 - u. Calculate the remainder when r is divided by 8.
7
Suppose 2*m - 7 = -5*w, 0*m - 2*w + 10 = 2*m. What is the remainder when 56 is divided by m?
2
Suppose 5*n = 4*z + 235, 4*n - 5*z = 5*n - 47. Calculate the remainder when n is divided by 5.
2
Suppose 2*w - 5*w = -6. Suppose -2*j = 8, -w*v - v = -2*j - 65. What is the remainder when v is divided by 4?
3
Suppose 5*r + 4*f = 84 + 36, 3*r - 72 = -5*f. Calculate the remainder when r is divided by 7.
3
Suppose 43*p + 399 = 100*p. What is the remainder when 2/4*(31 - -1) is divided by p?
2
Suppose 0 = -2*g + 2*o + 291 - 19, 0 = 5*g + 3*o - 680. What is the remainder when g is divided by 69?
67
Let i = 19 + -17. Suppose i*a + 291 = 5*a. Suppose -k - 2*l = 2*k - 85, 5*k - 2*l - 115 = 0. What is the remainder when a is divided by k?
22
Let g(k) = 6*k**2 + 2*k**2 - 310*k**3 + 309*k**3 + 4 + 10*k. What is the remainder when 35 is divided by g(9)?
9
Suppose -6*b + 2*b = -116. Let o be -14 + (-3 - 1) + 4. Let m = 22 + o. Calculate the remainder when b is divided by m.
5
Suppose 20*i - 567 = 253. Let h(b) = b**2 + 7*b - 24. What is the remainder when i is divided by h(-10)?
5
Suppose -1278 = -7*m + 1095. What is the remainder when m is divided by 69?
63
Let v(c) = -5*c**2 + 98*c - 8. What is the remainder when v(19) is divided by 9?
4
Suppose 3*z + 34 = p, 5*p + 2*z - 122 = 5*z. Let q = p - 28. Let t = q - -19. What is the remainder when 62 is divided by t?
10
Let j(y) = -42*y - 244. Calculate the remainder when 1469 is divided by j(-8).
89
Let z = -7 + 26. Calculate the remainder when z*-3*(1 + -2) is divided by 15.
12
Let w = -40 - -40. Suppose -7*g + 2*g + 25 = 0. Suppose -4*p + g*p - 8 = w. What is the remainder when 15 is divided by p?
7
Let p(v) be the first derivative of v**2/2 + 18*v + 7. Let x be p(0). What is the remainder when 9 is divided by 8/(-36) - (-58)/x?
0
Let k = 333 + -317. What is the remainder when 27 is divided by k?
11
Let o(b) = -4 - 4*b + b**3 - 447*b**2 + 452*b**2 + 7*b. What is the remainder when (-2 + -1 - 1)*-4 is divided by o(-3)?
1
Suppose 207 = -26*h + 49*h. Let b(i) = -12*i - 2. What is the remainder when b(-3) is divided by h?
7
Let f = -304 - -214. Calculate the remainder when 54 is divided by ((f/4)/3)/(48/(-128)).
14
Suppose 15 - 3 = 6*a. Suppose -a*l = -3 - 23. Calculate the remainder when 63 is divided by l.
11
Let j(w) = -275*w - 39. Calculate the remainder when j(-1) is divided by 34.
32
Let k(o) = -23*o + 2. Suppose d - 5*y = 3*d + 1, 0 = -2*d + 5*y - 11. What is the remainder when k(d) is divided by 15?
11
Suppose -2*n + 0*l = -5*l - 32, -n = -l - 10. Let m be (-1)/n - 9/(-54). Suppose -5*h + 48 + 47 = m. What is the remainder when 74 is divided by h?
17
Let k be (21/(-14))/(-1)*(-1 + 5). Calculate the remainder when 21 is divided by (k + -7)/((-1)/8).
5
Let n(f) be the first derivative of -35*f**2/2 - f - 1. Let o(z) = -z**3 - 7*z**2 - 3*z - 3. What is the remainder when n(-2) is divided by o(-7)?
15
Suppose 2*z + 3*u - 298 = 0, u = -5*z - 3*u + 759. Let a = -381 - -434. Calculate the remainder when z is divided by a.
49
Suppose -969 + 3033 = 48*y. Calculate the remainder when y is divided by 19.
5
Suppose -4*y + 8*y - 2*z - 52 = 0, -3*y = -5*z - 32. Calculate the remainder when 102 is divided by y.
4
What is the remainder when 57 is divided by (-273)/(-30) + (-5)/50?
3
Suppose 2*a - 55 = 22*u - 19*u, 5*u = -3*a + 111. What is the remainder when a is divided by 26?
6
Suppose 27 + 159 = -3*n. Let m = -40 - n. Calculate the remainder when 2/4 + (-507)/(-6) is divided by m.
19
Suppose -2*b + 30 = b. Let n(d) = 2*d + 5. What is the remainder when 49 is divided by n(b)?
24
Let h be (0 - -2)*-2*(-69)/6. Suppose h = 10*f + 6. What is the remainder when 29 is divided by f?
1
Let v(x) = 2*x**2 - 17*x + 27. Let p be v(6). Calculate the remainder when 74 is divided by (3 - -1) + (18 - p/(-1)).
17
Suppose 13*g - 136 = 5*g. Let i = g + -11. Calculate the remainder when 21 is divided by i.
3
Suppose -15*j = -13*j + 2, 0 = 2*s - 3*j - 101. Calculate the remainder when s is divided by 22.
5
Suppose h = 4*h - 36. Let s = 25 - h. Calculate the remainder when s is divided by 5.
3
Let i = -406 - -424. What is the remainder when i is divided by 6?
0
Suppose 4*u + 194*f - 192*f = 34, 0 = -5*f - 15. Suppose 28 = 5*s - 42. Calculate the remainder when s is divided by u.
4
Let d = -45 + 56. Calculate the remainder when 129 is divided by (-2)/d + (-1464)/(-66).
19
Let g = 13 + 71. Suppose -l + 3*l = g. Calculate the remainder when l is divided by ((-22)/4)/(1/(-2)).
9
Suppose -u - 4*k = -2*u + 8, 2 = -5*u - k. What is the remainder when (u - -4)/2 + 69 is divided by 12?
11
Let q be 1*5*(-16 - -15). Let x(u) = u**2 + 6*u + 4. Let p be x(q). Let s = 15 - p. Calculate the remainder when 28